{"id":413,"date":"2023-08-16T11:38:49","date_gmt":"2023-08-16T11:38:49","guid":{"rendered":"http:\/\/javpet.web.tr\/?page_id=413"},"modified":"2023-08-23T07:56:48","modified_gmt":"2023-08-23T07:56:48","slug":"hakkimizda","status":"publish","type":"page","link":"http:\/\/javpet.web.tr\/?page_id=413","title":{"rendered":"Hakk\u0131m\u0131zda"},"content":{"rendered":"\t\t<div data-elementor-type=\"wp-page\" data-elementor-id=\"413\" class=\"elementor elementor-413\">\n\t\t\t\t\t\t<section class=\"elementor-section elementor-top-section elementor-element elementor-element-efe8c24 elementor-section-boxed elementor-section-height-default elementor-section-height-default\" data-id=\"efe8c24\" data-element_type=\"section\" data-e-type=\"section\">\n\t\t\t\t\t\t<div class=\"elementor-container elementor-column-gap-default\">\n\t\t\t\t\t<div class=\"elementor-column elementor-col-100 elementor-top-column elementor-element elementor-element-6553579\" data-id=\"6553579\" data-element_type=\"column\" data-e-type=\"column\">\n\t\t\t<div class=\"elementor-widget-wrap elementor-element-populated\">\n\t\t\t\t\t\t<div class=\"elementor-element elementor-element-c314f12 elementor-widget elementor-widget-heading\" data-id=\"c314f12\" data-element_type=\"widget\" data-e-type=\"widget\" data-widget_type=\"heading.default\">\n\t\t\t\t<div class=\"elementor-widget-container\">\n\t\t\t\t\t<h2 class=\"elementor-heading-title elementor-size-default\"><span style=\"font-size: 16px;text-transform: none;font-weight: bolder;font-family: Poppins, sans-serif\"><span style=\"font-size: 48px\"><i>JAV<span>PET<\/span><\/i><\/span><\/span><\/h2>\t\t\t\t<\/div>\n\t\t\t\t<\/div>\n\t\t\t\t\t<\/div>\n\t\t<\/div>\n\t\t\t\t\t<\/div>\n\t\t<\/section>\n\t\t\t\t<section class=\"elementor-section elementor-top-section elementor-element elementor-element-efabb6e elementor-section-boxed elementor-section-height-default elementor-section-height-default\" data-id=\"efabb6e\" data-element_type=\"section\" data-e-type=\"section\">\n\t\t\t\t\t\t<div class=\"elementor-container elementor-column-gap-default\">\n\t\t\t\t\t<div class=\"elementor-column elementor-col-100 elementor-top-column elementor-element elementor-element-10893b0\" data-id=\"10893b0\" data-element_type=\"column\" data-e-type=\"column\">\n\t\t\t<div class=\"elementor-widget-wrap elementor-element-populated\">\n\t\t\t\t\t\t<div class=\"elementor-element elementor-element-9103801 elementor-widget elementor-widget-text-editor\" data-id=\"9103801\" data-element_type=\"widget\" data-e-type=\"widget\" data-widget_type=\"text-editor.default\">\n\t\t\t\t<div class=\"elementor-widget-container\">\n\t\t\t\t\t\t\t\t\t<h4 class=\"title\">\u201cJavpet\u201d Jandarma Asayi\u015f Vakf\u0131n\u0131 Destekleme A.\u015e. kurulu\u015fu olup gelirlerinin tamam\u0131n\u0131 Jandarma Asayi\u015f Vakf\u0131na aktarmaktad\u0131r.<\/h4>\t\t\t\t\t\t\t\t<\/div>\n\t\t\t\t<\/div>\n\t\t\t\t\t<\/div>\n\t\t<\/div>\n\t\t\t\t\t<\/div>\n\t\t<\/section>\n\t\t\t\t<section class=\"elementor-section elementor-top-section elementor-element elementor-element-83cc01a elementor-section-boxed elementor-section-height-default elementor-section-height-default\" data-id=\"83cc01a\" data-element_type=\"section\" data-e-type=\"section\">\n\t\t\t\t\t\t<div class=\"elementor-container elementor-column-gap-default\">\n\t\t\t\t\t<div class=\"elementor-column elementor-col-100 elementor-top-column elementor-element elementor-element-e17dd73\" data-id=\"e17dd73\" data-element_type=\"column\" data-e-type=\"column\">\n\t\t\t<div class=\"elementor-widget-wrap elementor-element-populated\">\n\t\t\t\t\t\t<div class=\"elementor-element elementor-element-3599ce4 elementor-widget elementor-widget-text-editor\" data-id=\"3599ce4\" data-element_type=\"widget\" data-e-type=\"widget\" data-widget_type=\"text-editor.default\">\n\t\t\t\t<div class=\"elementor-widget-container\">\n\t\t\t\t\t\t\t\t\t<p>Jandarma Asayi\u015f Vakf\u0131n\u0131 Destekleme A.\u015e.(JAVDES) kurulu\u015fu olarak ba\u015flad\u0131\u011f\u0131m\u0131z faaliyetlerimizi, kaliteli \u00fcr\u00fcn ve hizmet potansiyelinden \u00f6d\u00fcn vermeden devam ettiriyoruz. Farkl\u0131 sekt\u00f6rlerde yapt\u0131\u011f\u0131m\u0131z yat\u0131r\u0131mlarla, ko\u015fulsuz \u015farts\u0131z m\u00fc\u015fteri memnuniyeti odakl\u0131 hizmet sa\u011flamaktay\u0131z. Akaryak\u0131t sekt\u00f6r\u00fcnden su sekt\u00f6r\u00fcne, tekstilden kafeterya ve oto y\u0131kama hizmetlerine kadar bir\u00e7ok alanda, misafirlerimizin\u00a0ihtiya\u00e7lar\u0131n\u0131n en iyi \u015fekilde kar\u015f\u0131lanabilmesi i\u00e7in hizmet sunuyoruz.<\/p>\t\t\t\t\t\t\t\t<\/div>\n\t\t\t\t<\/div>\n\t\t\t\t\t<\/div>\n\t\t<\/div>\n\t\t\t\t\t<\/div>\n\t\t<\/section>\n\t\t\t\t<section class=\"elementor-section elementor-top-section elementor-element elementor-element-a7a708c elementor-section-boxed elementor-section-height-default elementor-section-height-default\" data-id=\"a7a708c\" data-element_type=\"section\" data-e-type=\"section\">\n\t\t\t\t\t\t<div class=\"elementor-container elementor-column-gap-default\">\n\t\t\t\t\t<div class=\"elementor-column elementor-col-100 elementor-top-column elementor-element elementor-element-68cd3c5\" data-id=\"68cd3c5\" data-element_type=\"column\" data-e-type=\"column\">\n\t\t\t<div class=\"elementor-widget-wrap elementor-element-populated\">\n\t\t\t\t\t\t<div class=\"elementor-element elementor-element-a6859e3 elementor-widget elementor-widget-heading\" data-id=\"a6859e3\" data-element_type=\"widget\" data-e-type=\"widget\" data-widget_type=\"heading.default\">\n\t\t\t\t<div class=\"elementor-widget-container\">\n\t\t\t\t\t<h3 class=\"elementor-heading-title elementor-size-default\">KAL\u0130TE POL\u0130T\u0130KAMIZ<\/h3>\t\t\t\t<\/div>\n\t\t\t\t<\/div>\n\t\t\t\t\t<\/div>\n\t\t<\/div>\n\t\t\t\t\t<\/div>\n\t\t<\/section>\n\t\t\t\t<section class=\"elementor-section elementor-top-section elementor-element elementor-element-8c79fe8 elementor-section-boxed elementor-section-height-default elementor-section-height-default\" data-id=\"8c79fe8\" data-element_type=\"section\" data-e-type=\"section\">\n\t\t\t\t\t\t<div class=\"elementor-container elementor-column-gap-default\">\n\t\t\t\t\t<div class=\"elementor-column elementor-col-100 elementor-top-column elementor-element elementor-element-0893309\" data-id=\"0893309\" data-element_type=\"column\" data-e-type=\"column\">\n\t\t\t<div class=\"elementor-widget-wrap elementor-element-populated\">\n\t\t\t\t\t\t<div class=\"elementor-element elementor-element-824a648 elementor-widget elementor-widget-text-editor\" data-id=\"824a648\" data-element_type=\"widget\" data-e-type=\"widget\" data-widget_type=\"text-editor.default\">\n\t\t\t\t<div class=\"elementor-widget-container\">\n\t\t\t\t\t\t\t\t\t<p>Sat\u0131\u015fa sundu\u011fumuz her \u00fcr\u00fcn ve hizmet i\u00e7in kalite politikam\u0131z\u0131n temelinde, \u00fcr\u00fcn kalitesinden asla \u00f6d\u00fcn vermemiz vard\u0131r. Hizmete sundu\u011fumuz her \u00fcr\u00fcn, gerekli \u015fartname ve kalite standartlar\u0131na uygun, \u00e7evreye duyarl\u0131 \u00fcr\u00fcnlerdir. Bu ba\u011flamda, m\u00fc\u015fterilerimizin i\u00e7inde bulunulan d\u00f6nemde ve gelecekteki ihtiya\u00e7lar\u0131n\u0131 teknolojik geli\u015fmelere g\u00f6re de\u011ferlendiriyor, bu ihtiya\u00e7lar\u0131 m\u00fc\u015fteri memnuniyetini sa\u011flayacak \u015fekilde gidermeyi mutlak bir de\u011fer olarak g\u00f6r\u00fcyoruz.<\/p>\t\t\t\t\t\t\t\t<\/div>\n\t\t\t\t<\/div>\n\t\t\t\t\t<\/div>\n\t\t<\/div>\n\t\t\t\t\t<\/div>\n\t\t<\/section>\n\t\t\t\t<\/div>\n\t\t","protected":false},"excerpt":{"rendered":"<p>JAVPET \u201cJavpet\u201d Jandarma Asayi\u015f Vakf\u0131n\u0131 Destekleme A.\u015e. kurulu\u015fu olup gelirlerinin tamam\u0131n\u0131 Jandarma Asayi\u015f Vakf\u0131na aktarmaktad\u0131r. Jandarma Asayi\u015f Vakf\u0131n\u0131 Destekleme A.\u015e.(JAVDES) kurulu\u015fu olarak ba\u015flad\u0131\u011f\u0131m\u0131z faaliyetlerimizi, kaliteli \u00fcr\u00fcn ve hizmet potansiyelinden \u00f6d\u00fcn vermeden devam ettiriyoruz. Farkl\u0131 sekt\u00f6rlerde yapt\u0131\u011f\u0131m\u0131z yat\u0131r\u0131mlarla, ko\u015fulsuz \u015farts\u0131z m\u00fc\u015fteri memnuniyeti odakl\u0131 hizmet sa\u011flamaktay\u0131z. Akaryak\u0131t sekt\u00f6r\u00fcnden su sekt\u00f6r\u00fcne, tekstilden kafeterya ve oto y\u0131kama hizmetlerine kadar [&hellip;]<\/p>\n","protected":false},"author":1,"featured_media":0,"parent":0,"menu_order":0,"comment_status":"closed","ping_status":"closed","template":"","meta":{"site-sidebar-layout":"no-sidebar","site-content-layout":"page-builder","ast-site-content-layout":"default","site-content-style":"default","site-sidebar-style":"default","ast-global-header-display":"","ast-banner-title-visibility":"","ast-main-header-display":"","ast-hfb-above-header-display":"","ast-hfb-below-header-display":"","ast-hfb-mobile-header-display":"","site-post-title":"disabled","ast-breadcrumbs-content":"","ast-featured-img":"disabled","footer-sml-layout":"","ast-disable-related-posts":"","theme-transparent-header-meta":"","adv-header-id-meta":"","stick-header-meta":"","header-above-stick-meta":"","header-main-stick-meta":"","header-below-stick-meta":"","astra-migrate-meta-layouts":"set","ast-page-background-enabled":"default","ast-page-background-meta":{"desktop":{"background-color":"","background-image":"","background-repeat":"repeat","background-position":"center center","background-size":"auto","background-attachment":"scroll","background-type":"","background-media":"","overlay-type":"","overlay-color":"","overlay-opacity":"","overlay-gradient":""},"tablet":{"background-color":"","background-image":"","background-repeat":"repeat","background-position":"center center","background-size":"auto","background-attachment":"scroll","background-type":"","background-media":"","overlay-type":"","overlay-color":"","overlay-opacity":"","overlay-gradient":""},"mobile":{"background-color":"","background-image":"","background-repeat":"repeat","background-position":"center center","background-size":"auto","background-attachment":"scroll","background-type":"","background-media":"","overlay-type":"","overlay-color":"","overlay-opacity":"","overlay-gradient":""}},"ast-content-background-meta":{"desktop":{"background-color":"var(--ast-global-color-5)","background-image":"","background-repeat":"repeat","background-position":"center center","background-size":"auto","background-attachment":"scroll","background-type":"","background-media":"","overlay-type":"","overlay-color":"","overlay-opacity":"","overlay-gradient":""},"tablet":{"background-color":"var(--ast-global-color-5)","background-image":"","background-repeat":"repeat","background-position":"center center","background-size":"auto","background-attachment":"scroll","background-type":"","background-media":"","overlay-type":"","overlay-color":"","overlay-opacity":"","overlay-gradient":""},"mobile":{"background-color":"var(--ast-global-color-5)","background-image":"","background-repeat":"repeat","background-position":"center center","background-size":"auto","background-attachment":"scroll","background-type":"","background-media":"","overlay-type":"","overlay-color":"","overlay-opacity":"","overlay-gradient":""}},"footnotes":""},"class_list":["post-413","page","type-page","status-publish","hentry"],"_links":{"self":[{"href":"http:\/\/javpet.web.tr\/index.php?rest_route=\/wp\/v2\/pages\/413","targetHints":{"allow":["GET"]}}],"collection":[{"href":"http:\/\/javpet.web.tr\/index.php?rest_route=\/wp\/v2\/pages"}],"about":[{"href":"http:\/\/javpet.web.tr\/index.php?rest_route=\/wp\/v2\/types\/page"}],"author":[{"embeddable":true,"href":"http:\/\/javpet.web.tr\/index.php?rest_route=\/wp\/v2\/users\/1"}],"replies":[{"embeddable":true,"href":"http:\/\/javpet.web.tr\/index.php?rest_route=%2Fwp%2Fv2%2Fcomments&post=413"}],"version-history":[{"count":7,"href":"http:\/\/javpet.web.tr\/index.php?rest_route=\/wp\/v2\/pages\/413\/revisions"}],"predecessor-version":[{"id":694,"href":"http:\/\/javpet.web.tr\/index.php?rest_route=\/wp\/v2\/pages\/413\/revisions\/694"}],"wp:attachment":[{"href":"http:\/\/javpet.web.tr\/index.php?rest_route=%2Fwp%2Fv2%2Fmedia&parent=413"}],"curies":[{"name":"wp","href":"https:\/\/api.w.org\/{rel}","templated":true}]}}